{"version":"1.0","provider_name":"IR\u00e1nyt\u0171 Blog","provider_url":"https:\/\/iranytu.cafeblog.hu","author_name":"M\u00e1thBara","author_url":"https:\/\/iranytu.cafeblog.hu\/author\/mathbara\/","title":"PCO vagy PCOS?","html":"<p style=\"text-align: justify\">\"Az orvosom azt \u00edrta a pap\u00edromra, PCO-m van. Akkor ez most PCOS?\"<\/p>\r\n<p style=\"text-align: justify\">Rengetegszer felmer\u00fcl\u0151 k\u00e9rd\u00e9s ez:\u00a0<strong>PCO, vagy PCOS<\/strong>? Honnan lehet pl. tudni, hogy melyikre gondolhatott az orvos?<br \/>N\u00e9zz\u00fck mi a k\u00fcl\u00f6nbs\u00e9g, mit a teend\u0151, ha egyik, vagy m\u00e1sik diagn\u00f3zist kapjuk:\r\n\r\n<h1>Tov\u00e1bb:<\/h1>\r\n<p>Ez az oldal \u00e1t lett k\u00f6lt\u00f6ztetve <a href=\"http:\/\/mathbarbara.hu\/pco-vagy-pcos\/\">ide<\/a>.<\/p>\r\n<\/p>\r\n<p>&nbsp;<\/p>","type":"rich","thumbnail_url":"https:\/\/iranytu.cafeblog.hu\/files\/2017\/06\/t\u00fcnet-150x150.jpg","thumbnail_width":150,"thumbnail_height":150}

IRánytű Blog

MáthBara

<p style="text-align: justify">"Az orvosom azt írta a papíromra, PCO-m van. Akkor ez most PCOS?"</p>
<p style="text-align: justify">Rengetegszer felmerülő kérdés ez: <strong>PCO, vagy PCOS</strong>? Honnan lehet pl. tudni, hogy melyikre gondolhatott az orvos?<br />Nézzük mi a különbség, mit a teendő, ha egyik, vagy másik diagnózist kapjuk:

<h1>Tovább:</h1>
<p>Ez az oldal át lett költöztetve <a href="http://mathbarbara.hu/pco-vagy-pcos/">ide</a>.</p>
</p>
<p>&nbsp;</p>

https://iranytu.cafeblog.hu/files/2017/06/tünet-150x150.jpg
